{"id":43,"date":"2015-10-29T14:25:01","date_gmt":"2015-10-29T13:25:01","guid":{"rendered":"http:\/\/www.kloster-aiterhofen.de\/Wordpress\/wordpress\/?page_id=43"},"modified":"2022-09-06T14:39:30","modified_gmt":"2022-09-06T12:39:30","slug":"startseite","status":"publish","type":"page","link":"https:\/\/www.kloster-aiterhofen.de\/Wordpress\/wordpress\/startseite\/","title":{"rendered":"Wir \u00fcber uns"},"content":{"rendered":"<figure id=\"attachment_47\" aria-describedby=\"caption-attachment-47\" style=\"width: 300px\" class=\"wp-caption alignright\"><a href=\"http:\/\/www.kloster-aiterhofen.de\/Wordpress\/wordpress\/wp-content\/uploads\/2015\/10\/Betreuung-5.jpg\"><img data-attachment-id=\"47\" data-permalink=\"https:\/\/www.kloster-aiterhofen.de\/Wordpress\/wordpress\/startseite\/betreuung-5\/\" data-orig-file=\"https:\/\/www.kloster-aiterhofen.de\/Wordpress\/wordpress\/wp-content\/uploads\/2015\/10\/Betreuung-5.jpg\" data-orig-size=\"3072,2048\" data-comments-opened=\"1\" data-image-meta=\"{&quot;aperture&quot;:&quot;19&quot;,&quot;credit&quot;:&quot;&quot;,&quot;camera&quot;:&quot;Canon EOS 10D&quot;,&quot;caption&quot;:&quot;&quot;,&quot;created_timestamp&quot;:&quot;1126012543&quot;,&quot;copyright&quot;:&quot;&quot;,&quot;focal_length&quot;:&quot;195&quot;,&quot;iso&quot;:&quot;800&quot;,&quot;shutter_speed&quot;:&quot;0.011111111111111&quot;,&quot;title&quot;:&quot;&quot;,&quot;orientation&quot;:&quot;1&quot;}\" data-image-title=\"Betreuung-5\" data-image-description=\"\" data-image-caption=\"\" data-medium-file=\"https:\/\/www.kloster-aiterhofen.de\/Wordpress\/wordpress\/wp-content\/uploads\/2015\/10\/Betreuung-5-300x200.jpg\" data-large-file=\"https:\/\/www.kloster-aiterhofen.de\/Wordpress\/wordpress\/wp-content\/uploads\/2015\/10\/Betreuung-5-1024x683.jpg\" decoding=\"async\" loading=\"lazy\" class=\"wp-image-47 size-medium\" src=\"http:\/\/www.kloster-aiterhofen.de\/Wordpress\/wordpress\/wp-content\/uploads\/2015\/10\/Betreuung-5-300x200.jpg\" alt=\"Duft einer Blume\" width=\"300\" height=\"200\" srcset=\"https:\/\/www.kloster-aiterhofen.de\/Wordpress\/wordpress\/wp-content\/uploads\/2015\/10\/Betreuung-5-300x200.jpg 300w, https:\/\/www.kloster-aiterhofen.de\/Wordpress\/wordpress\/wp-content\/uploads\/2015\/10\/Betreuung-5-1024x683.jpg 1024w\" sizes=\"(max-width: 300px) 100vw, 300px\" \/><\/a><figcaption id=\"caption-attachment-47\" class=\"wp-caption-text\">Versunken in den Duft der Blume<\/figcaption><\/figure>\n<p>Seit 1985 bilden wir in Aiterhofen\/Niederbayern Altenpflegerinnen und Altenpfleger aus, und sorgen f\u00fcr eine Ausbildung, die Ihnen die notwendigen Kompetenzen f\u00fcr den Beruf Altenpflegerin\/Altenpfleger vermittelt. Wir bereiten Sie sorgf\u00e4ltig auf die hohen Anforderungen Ihrer zuk\u00fcnftigen T\u00e4tigkeit vor.<\/p>\n<p>Seit 2011 bieten wir auch die einj\u00e4hrige Ausbildung Pflegefachhelfer in der Altenpflege an, die inzwischen staatlich anerkannt ist.<\/p>\n<p><span style=\"color: #0000ff;\"><strong>Seit 2020 bieten wir die generalistische Pflegeausbildung f\u00fcr Krankenpflege, Kinderkrankenpflege und Altenpflege an. Auch die Pflegehelferausbildung wurde angeglichen.<\/strong><\/span><br \/>\n<strong><br \/>\n<span style=\"color: #993300;\">Zertifizierung<\/span><br \/>\nSeit Juli 2006 ist unsere Schule nach AZAV zertifiziert. Somit\u00a0 d\u00fcrfen von der Berufsfachschule f\u00fcr Altenpflege und BFS Pflege Bildungsgutscheine der Bundesagentur f\u00fcr Arbeit angenommen werden.<\/strong><br \/>\n<span style=\"color: #000000;\"><strong>Die Zertifizierung nach AZAV bezieht sich auf folgende Bereiche:<br \/>\n&#8211; Tr\u00e4ger<br \/>\n&#8211; 3-j\u00e4hrige Ausbildung Pflege<br \/>\n&#8211; einj\u00e4hrige Ausbildung zum\/zur Pflegefachhelfer\/in<br \/>\n&#8211; Ausbildung zur Praxisanleitung<\/strong><\/span><\/p>\n<p><span style=\"color: #993300;\"><strong>Tr\u00e4ger der Schule<\/strong><strong><br \/>\n<\/strong><\/span>Franziskanerinnenkloster Aiterhofen mit ca. 30 Schwestern in Deutschland und ca. 50 Schwestern in Brasilien\/Bolivien.<\/p>\n<p><span style=\"color: #993300;\"><strong>Ausbildungsr\u00e4ume<\/strong><\/span><br \/>\n3\u00a0 Klassenzimmer, drei \u00dcbungsr\u00e4ume f\u00fcr Pflege (Skills Lab), einen integrierten Fachraum f\u00fcr LG und LL, eine gro\u00dfe Pr\u00e4senzbibliothek, ein Arbeitsraum mit PC und Internetzugang f\u00fcr Sch\u00fcler\/innen, WLAN im gesamten Bereich, nutzbar im Unterricht, Aufenthaltsr\u00e4ume f\u00fcr Pausen; der modern ausgestattete EDV-Raum der Realschule wird f\u00fcr den EDV-Unterricht genutzt.<\/p>\n<p><span style=\"color: #993300;\"><strong>Besonderheiten<\/strong><\/span><br \/>\nEs besteht die M\u00f6glichkeit ein Mittagessen mit Getr\u00e4nk im Haus t\u00e4glich neu zu buchen.<br \/>\nEbenso haben Sch\u00fclerinnen die M\u00f6glichkeit, w\u00e4hrend der Schulzeit im Haus zu wohnen. Zur Verf\u00fcgung steht ihnen ein Einzelzimmer mit Benutzung von Wohnk\u00fcche und<br \/>\nWohnzimmer als Selbstversorger.<\/p>\n<p><span style=\"color: #993300;\"><strong>Praktische Ausbildungsst\u00e4tten<\/strong><\/span><br \/>\nWir haben mit verschiedenen Einrichtungen (Krankenhaus, Altenheim, Kitas) Kooperationsvertr\u00e4ge abgeschlossen.<br \/>\nParallel zur Bewerbung an einer Pflegeschule m\u00fcssen die zuk\u00fcnftigen Sch\u00fclerInnen sich an einer ambulanten oder station\u00e4ren Einrichtung um einen Ausbildungsplatz bewerben.<\/p>\n<p><span style=\"color: #993300;\"><strong>Schulleitbild<\/strong><\/span><br \/>\nWir wollen Sch\u00fclerinnen und Sch\u00fcler zu Pflegefachfrauen und -m\u00e4nnern ausbilden<br \/>\n&#8211; die sich an christlichen Werten orientieren<br \/>\n&#8211; die selbst\u00e4ndig und eigenverantwortlich arbeiten<br \/>\n&#8211; und die ihr Tun begr\u00fcnden und kritisch hinterfragen<\/p>\n","protected":false},"excerpt":{"rendered":"<p>Seit 1985 bilden wir in Aiterhofen\/Niederbayern Altenpflegerinnen und Altenpfleger aus, und sorgen f\u00fcr eine Ausbildung, die Ihnen die notwendigen Kompetenzen f\u00fcr den Beruf Altenpflegerin\/Altenpfleger vermittelt. Wir bereiten Sie sorgf\u00e4ltig auf die hohen Anforderungen Ihrer zuk\u00fcnftigen T\u00e4tigkeit vor. Seit 2011 bieten <a class=\"more-link\" href=\"https:\/\/www.kloster-aiterhofen.de\/Wordpress\/wordpress\/startseite\/\">weiterlesen  <span class=\"screen-reader-text\">  Wir \u00fcber uns<\/span><span class=\"meta-nav\">&rarr;<\/span><\/a><\/p>\n","protected":false},"author":1,"featured_media":0,"parent":0,"menu_order":0,"comment_status":"closed","ping_status":"closed","template":"","meta":{"footnotes":""},"_links":{"self":[{"href":"https:\/\/www.kloster-aiterhofen.de\/Wordpress\/wordpress\/wp-json\/wp\/v2\/pages\/43"}],"collection":[{"href":"https:\/\/www.kloster-aiterhofen.de\/Wordpress\/wordpress\/wp-json\/wp\/v2\/pages"}],"about":[{"href":"https:\/\/www.kloster-aiterhofen.de\/Wordpress\/wordpress\/wp-json\/wp\/v2\/types\/page"}],"author":[{"embeddable":true,"href":"https:\/\/www.kloster-aiterhofen.de\/Wordpress\/wordpress\/wp-json\/wp\/v2\/users\/1"}],"replies":[{"embeddable":true,"href":"https:\/\/www.kloster-aiterhofen.de\/Wordpress\/wordpress\/wp-json\/wp\/v2\/comments?post=43"}],"version-history":[{"count":7,"href":"https:\/\/www.kloster-aiterhofen.de\/Wordpress\/wordpress\/wp-json\/wp\/v2\/pages\/43\/revisions"}],"predecessor-version":[{"id":3423,"href":"https:\/\/www.kloster-aiterhofen.de\/Wordpress\/wordpress\/wp-json\/wp\/v2\/pages\/43\/revisions\/3423"}],"wp:attachment":[{"href":"https:\/\/www.kloster-aiterhofen.de\/Wordpress\/wordpress\/wp-json\/wp\/v2\/media?parent=43"}],"curies":[{"name":"wp","href":"https:\/\/api.w.org\/{rel}","templated":true}]}}