{"id":290,"date":"2015-11-14T15:51:09","date_gmt":"2015-11-14T14:51:09","guid":{"rendered":"http:\/\/www.kloster-aiterhofen.de\/Wordpress\/wordpress\/?page_id=290"},"modified":"2023-06-15T08:51:37","modified_gmt":"2023-06-15T06:51:37","slug":"ausbildungsinfos-pflegefachhelferin","status":"publish","type":"page","link":"http:\/\/www.kloster-aiterhofen.de\/Wordpress\/wordpress\/ausbildungsinfos-pflegefachhelferin\/","title":{"rendered":"Pflegefachhelferausbildung"},"content":{"rendered":"\n<p>ab 2020 mit neuem Lehrplan!<\/p>\n\n\n<p><strong>Bei der\u00a0 Ausbildung als Pflegefachhelfer\/in Altenpflege besteht die M\u00f6glichkeit einer<\/strong><br \/><strong><span style=\"color: #800000;\">Integrierten Weiterbildung zur Betreuungskraft nach \u00a7 43 b, 53c SGB XI <\/span><a href=\"http:\/\/www.kloster-aiterhofen.de\/Wordpress\/wordpress\/wp-content\/uploads\/2017\/05\/komuni2017.png\"><img data-attachment-id=\"882\" data-permalink=\"http:\/\/www.kloster-aiterhofen.de\/Wordpress\/wordpress\/komuni2017\/\" data-orig-file=\"http:\/\/www.kloster-aiterhofen.de\/Wordpress\/wordpress\/wp-content\/uploads\/2017\/05\/komuni2017.png\" data-orig-size=\"714,365\" data-comments-opened=\"0\" data-image-meta=\"{&quot;aperture&quot;:&quot;0&quot;,&quot;credit&quot;:&quot;&quot;,&quot;camera&quot;:&quot;&quot;,&quot;caption&quot;:&quot;&quot;,&quot;created_timestamp&quot;:&quot;0&quot;,&quot;copyright&quot;:&quot;&quot;,&quot;focal_length&quot;:&quot;0&quot;,&quot;iso&quot;:&quot;0&quot;,&quot;shutter_speed&quot;:&quot;0&quot;,&quot;title&quot;:&quot;&quot;,&quot;orientation&quot;:&quot;0&quot;}\" data-image-title=\"komuni2017\" data-image-description=\"\" data-image-caption=\"\" data-medium-file=\"http:\/\/www.kloster-aiterhofen.de\/Wordpress\/wordpress\/wp-content\/uploads\/2017\/05\/komuni2017-300x153.png\" data-large-file=\"http:\/\/www.kloster-aiterhofen.de\/Wordpress\/wordpress\/wp-content\/uploads\/2017\/05\/komuni2017.png\" decoding=\"async\" loading=\"lazy\" class=\"alignright wp-image-882 size-thumbnail\" src=\"http:\/\/www.kloster-aiterhofen.de\/Wordpress\/wordpress\/wp-content\/uploads\/2017\/05\/komuni2017-150x150.png\" alt=\"\" width=\"150\" height=\"150\" \/><\/a><br \/><span style=\"color: #800000;\"> dazu n\u00e4here Infos:\u00a0<br \/><a href=\"http:\/\/www.kloster-aiterhofen.de\/Wordpress\/wordpress\/wp-content\/uploads\/2023\/02\/prospekt_Altenpflegehilfe_10_2022-2.pdf\">Hier herunterladen: Altenpflegehilfe-Prospekt-Aktuell<\/a><br \/><\/span> <\/strong><\/p>\n<p>Organisationsplan f\u00fcr das Schuljahr 2023\/2023<\/p>\n<ul>\n<li><a href=\"http:\/\/www.kloster-aiterhofen.de\/Wordpress\/wordpress\/wp-content\/uploads\/2023\/06\/Organisationsplan_PFH-13.pdf\">PFH 13<\/a><\/li>\n<\/ul>\n<p>\u00a0<\/p>\n<p><strong>Berufsbild<br \/><\/strong><\/p>\n<p>Als Altenpflegefachhelfer\/in unterst\u00fctzen Sie die Pflegefachpersonen teils eigenverantwortlich in der t\u00e4glichen Versorgung von alten bzw. pflegebed\u00fcrftigen Personen, z. B. beim Aufstehen, beim Essen reichen und bei der t\u00e4glichen K\u00f6rperpflege. Sie assistieren bei behandlungspflegerischen Ma\u00dfnahmen.<\/p>\n<p><strong>Ausbildungsinhalte<\/strong><\/p>\n<p>Die Ausbildung umfasst insgesamt 1450 Stunden. Davon entfallen 800 Stunden auf den theoretischen und fachpraktischen Unterricht.<\/p>\n<p><strong>Unterrichtsf\u00e4cher <\/strong><br \/>Berufskunde, Rechtskunde, Sozialkunde<br \/>Deutsch, Kommunikation<br \/>Grundlagen der Pflege<br \/>Pflege und Betreuung<\/p>\n<p><strong>Unterrichtszeiten sind in der Regel von<\/strong><\/p>\n<ul>\n<li>08:00 bis 12:50 Uhr<\/li>\n<li>13:30 bis 15:00 Uhr bzw. 16:00 Uhr<\/li>\n<li>ein Nachmittag pro Woche ist frei<\/li>\n<\/ul>\n<p>Die pflegerische Praxis mit 650 Stunden erfolgt durch Praktika, die die Schule organisiert.<\/p>","protected":false},"excerpt":{"rendered":"<p>ab 2020 mit neuem Lehrplan! Bei der\u00a0 Ausbildung als Pflegefachhelfer\/in Altenpflege besteht die M\u00f6glichkeit einerIntegrierten Weiterbildung zur Betreuungskraft nach \u00a7 43 b, 53c SGB XI dazu n\u00e4here Infos:\u00a0Hier herunterladen: Altenpflegehilfe-Prospekt-Aktuell Organisationsplan f\u00fcr das Schuljahr 2023\/2023 PFH 13 \u00a0 Berufsbild Als <a class=\"more-link\" href=\"http:\/\/www.kloster-aiterhofen.de\/Wordpress\/wordpress\/ausbildungsinfos-pflegefachhelferin\/\">weiterlesen  <span class=\"screen-reader-text\">  Pflegefachhelferausbildung<\/span><span class=\"meta-nav\">&rarr;<\/span><\/a><\/p>\n","protected":false},"author":1,"featured_media":0,"parent":0,"menu_order":0,"comment_status":"closed","ping_status":"closed","template":"","meta":{"footnotes":""},"_links":{"self":[{"href":"http:\/\/www.kloster-aiterhofen.de\/Wordpress\/wordpress\/wp-json\/wp\/v2\/pages\/290"}],"collection":[{"href":"http:\/\/www.kloster-aiterhofen.de\/Wordpress\/wordpress\/wp-json\/wp\/v2\/pages"}],"about":[{"href":"http:\/\/www.kloster-aiterhofen.de\/Wordpress\/wordpress\/wp-json\/wp\/v2\/types\/page"}],"author":[{"embeddable":true,"href":"http:\/\/www.kloster-aiterhofen.de\/Wordpress\/wordpress\/wp-json\/wp\/v2\/users\/1"}],"replies":[{"embeddable":true,"href":"http:\/\/www.kloster-aiterhofen.de\/Wordpress\/wordpress\/wp-json\/wp\/v2\/comments?post=290"}],"version-history":[{"count":5,"href":"http:\/\/www.kloster-aiterhofen.de\/Wordpress\/wordpress\/wp-json\/wp\/v2\/pages\/290\/revisions"}],"predecessor-version":[{"id":3796,"href":"http:\/\/www.kloster-aiterhofen.de\/Wordpress\/wordpress\/wp-json\/wp\/v2\/pages\/290\/revisions\/3796"}],"wp:attachment":[{"href":"http:\/\/www.kloster-aiterhofen.de\/Wordpress\/wordpress\/wp-json\/wp\/v2\/media?parent=290"}],"curies":[{"name":"wp","href":"https:\/\/api.w.org\/{rel}","templated":true}]}}

<p>ab 2020 mit neuem Lehrplan!</p>


<p><strong>Bei der  Ausbildung als Pflegefachhelfer/in Altenpflege besteht die Möglichkeit einer</strong><br /><strong><span style="color: #800000;">Integrierten Weiterbildung zur Betreuungskraft nach § 43 b, 53c SGB XI </span><a href="http://www.kloster-aiterhofen.de/Wordpress/wordpress/wp-content/uploads/2017/05/komuni2017.png"><img data-attachment-id="882" data-permalink="http://www.kloster-aiterhofen.de/Wordpress/wordpress/komuni2017/" data-orig-file="http://www.kloster-aiterhofen.de/Wordpress/wordpress/wp-content/uploads/2017/05/komuni2017.png" data-orig-size="714,365" data-comments-opened="0" data-image-meta="{&quot;aperture&quot;:&quot;0&quot;,&quot;credit&quot;:&quot;&quot;,&quot;camera&quot;:&quot;&quot;,&quot;caption&quot;:&quot;&quot;,&quot;created_timestamp&quot;:&quot;0&quot;,&quot;copyright&quot;:&quot;&quot;,&quot;focal_length&quot;:&quot;0&quot;,&quot;iso&quot;:&quot;0&quot;,&quot;shutter_speed&quot;:&quot;0&quot;,&quot;title&quot;:&quot;&quot;,&quot;orientation&quot;:&quot;0&quot;}" data-image-title="komuni2017" data-image-description="" data-image-caption="" data-medium-file="http://www.kloster-aiterhofen.de/Wordpress/wordpress/wp-content/uploads/2017/05/komuni2017-300x153.png" data-large-file="http://www.kloster-aiterhofen.de/Wordpress/wordpress/wp-content/uploads/2017/05/komuni2017.png" decoding="async" loading="lazy" class="alignright wp-image-882 size-thumbnail" src="http://www.kloster-aiterhofen.de/Wordpress/wordpress/wp-content/uploads/2017/05/komuni2017-150x150.png" alt="" width="150" height="150" /></a><br /><span style="color: #800000;"> dazu nähere Infos: <br /><a href="http://www.kloster-aiterhofen.de/Wordpress/wordpress/wp-content/uploads/2023/02/prospekt_Altenpflegehilfe_10_2022-2.pdf">Hier herunterladen: Altenpflegehilfe-Prospekt-Aktuell</a><br /></span> </strong></p>
<p>Organisationsplan für das Schuljahr 2023/2023</p>
<ul>
<li><a href="http://www.kloster-aiterhofen.de/Wordpress/wordpress/wp-content/uploads/2023/06/Organisationsplan_PFH-13.pdf">PFH 13</a></li>
</ul>
<p> </p>
<p><strong>Berufsbild<br /></strong></p>
<p>Als Altenpflegefachhelfer/in unterstützen Sie die Pflegefachpersonen teils eigenverantwortlich in der täglichen Versorgung von alten bzw. pflegebedürftigen Personen, z. B. beim Aufstehen, beim Essen reichen und bei der täglichen Körperpflege. Sie assistieren bei behandlungspflegerischen Maßnahmen.</p>
<p><strong>Ausbildungsinhalte</strong></p>
<p>Die Ausbildung umfasst insgesamt 1450 Stunden. Davon entfallen 800 Stunden auf den theoretischen und fachpraktischen Unterricht.</p>
<p><strong>Unterrichtsfächer </strong><br />Berufskunde, Rechtskunde, Sozialkunde<br />Deutsch, Kommunikation<br />Grundlagen der Pflege<br />Pflege und Betreuung</p>
<p><strong>Unterrichtszeiten sind in der Regel von</strong></p>
<ul>
<li>08:00 bis 12:50 Uhr</li>
<li>13:30 bis 15:00 Uhr bzw. 16:00 Uhr</li>
<li>ein Nachmittag pro Woche ist frei</li>
</ul>
<p>Die pflegerische Praxis mit 650 Stunden erfolgt durch Praktika, die die Schule organisiert.</p>

<p>ab 2020 mit neuem Lehrplan! Bei der  Ausbildung als Pflegefachhelfer/in Altenpflege besteht die Möglichkeit einerIntegrierten Weiterbildung zur Betreuungskraft nach § 43 b, 53c SGB XI dazu nähere Infos: Hier herunterladen: Altenpflegehilfe-Prospekt-Aktuell Organisationsplan für das Schuljahr 2023/2023 PFH 13   Berufsbild Als <a class="more-link" href="http://www.kloster-aiterhofen.de/Wordpress/wordpress/ausbildungsinfos-pflegefachhelferin/">weiterlesen  <span class="screen-reader-text">  Pflegefachhelferausbildung</span><span class="meta-nav">&rarr;</span></a></p>
