{"id":210,"date":"2015-11-02T15:11:45","date_gmt":"2015-11-02T14:11:45","guid":{"rendered":"http:\/\/www.kloster-aiterhofen.de\/Wordpress\/wordpress\/?page_id=210"},"modified":"2020-12-16T14:04:13","modified_gmt":"2020-12-16T13:04:13","slug":"weihnachtsgruss","status":"publish","type":"page","link":"http:\/\/www.kloster-aiterhofen.de\/Wordpress\/wordpress\/jubilaeumsfotos-oktober-2015-30-jahre\/ehemalige-2\/weihnachtsgruss\/","title":{"rendered":"WEIHNACHTEN 2020"},"content":{"rendered":"\n<p class=\"has-text-color has-large-font-size\" style=\"color:#2b5745\"><\/p>\n\n\n\n<p class=\"has-text-align-center has-text-color\" style=\"font-size:22px;color:#316432\">Jeder Tag ist Weihnachten auf der Erde,<br>jedes Mal, wenn einer dem anderen seine Liebe schenkt,<br>wenn Herzen Gl\u00fcck empfinden, ist Weihnachten,<br>dann steigt Gott wieder vom Himmel<br>herab und bringt das Licht<\/p>\n\n\n\n<p class=\"has-text-align-center has-text-color\" style=\"font-size:19px;color:#223226\"><strong>Mutter Teresa<\/strong><br><br><strong><br><\/strong><\/p>\n\n\n\n<p style=\"font-size:18px\">Liebe Ehemalige,<br><br>dieses turbulente und besondere Jahr z\u00e4hlt noch wenige Tage und bald ist Weihnachten. F\u00fcr viele von uns ist diese Zeit anders verlaufen als geplant und hat vielleicht auch von Ihnen viel abverlangt.<br>Wir hoffen sehr, Sie konnten die Ihnen gestellten Aufgaben gut meistern, Sie fanden hilfreiche Unterst\u00fctzung und Begleitung und es geht Ihnen soweit gut.<br>Wir als Schule mussten uns immer wieder neu auf die Situation einstellen und so manche liebgewonnene Tradition musste abgesagt werden oder konnte nur stark ver\u00e4ndert stattfinden.<br>So war f\u00fcr diesen Oktober das Ehemaligentreffen zum 35-j\u00e4hrigen Jubil\u00e4um der BFS f\u00fcr Altenpflege\/-hilfe Aiterhofen geplant, welches leider nicht gefeiert werden konnte.<\/p>\n\n\n\n<p style=\"font-size:18px\">Was bleibt, ist die Verbundenheit mit Ihnen und die gemeinsame Hoffnung, dass sich die Dinge zum Guten hin wenden. Das gesamte Team der BFS f\u00fcr Altenpflege\/-hilfe Aiterhofen w\u00fcnscht Ihnen allen von Herzen reichen Segen zu Weihnachten sowie Ruhe und Erholung, um gut in das neue Jahr starten zu k\u00f6nnen.<br>F\u00fcr das Jahr 2021 w\u00fcnschen wir Ihnen Gesundheit, Kraft, Zuversicht und wertvolle Erfahrungen bei allem was Sie tun!<br><br>Es gr\u00fc\u00dfen Sie sehr herzlich<\/p>\n\n\n\n<p class=\"has-large-font-size\"><strong>Martina Schinh\u00e4rl<br>mit ihrem Team<\/strong><\/p>\n\n\n\n<div class=\"wp-block-image is-style-rounded\"><figure class=\"alignright size-large is-resized\"><img data-attachment-id=\"2667\" data-permalink=\"http:\/\/www.kloster-aiterhofen.de\/Wordpress\/wordpress\/jubilaeumsfotos-oktober-2015-30-jahre\/ehemalige-2\/weihnachtsgruss\/20170111_182817\/\" data-orig-file=\"http:\/\/www.kloster-aiterhofen.de\/Wordpress\/wordpress\/wp-content\/uploads\/2020\/12\/20170111_182817-rotated-e1608121505350.jpg\" data-orig-size=\"500,667\" data-comments-opened=\"0\" data-image-meta=\"{&quot;aperture&quot;:&quot;2.7&quot;,&quot;credit&quot;:&quot;&quot;,&quot;camera&quot;:&quot;GT-I8160&quot;,&quot;caption&quot;:&quot;&quot;,&quot;created_timestamp&quot;:&quot;1484159296&quot;,&quot;copyright&quot;:&quot;&quot;,&quot;focal_length&quot;:&quot;3.54&quot;,&quot;iso&quot;:&quot;100&quot;,&quot;shutter_speed&quot;:&quot;0.04&quot;,&quot;title&quot;:&quot;&quot;,&quot;orientation&quot;:&quot;1&quot;}\" data-image-title=\"20170111_182817\" data-image-description=\"\" data-image-caption=\"\" data-medium-file=\"http:\/\/www.kloster-aiterhofen.de\/Wordpress\/wordpress\/wp-content\/uploads\/2020\/12\/20170111_182817-225x300.jpg\" data-large-file=\"http:\/\/www.kloster-aiterhofen.de\/Wordpress\/wordpress\/wp-content\/uploads\/2020\/12\/20170111_182817-768x1024.jpg\" decoding=\"async\" loading=\"lazy\" src=\"http:\/\/www.kloster-aiterhofen.de\/Wordpress\/wordpress\/wp-content\/uploads\/2020\/12\/20170111_182817-768x1024.jpg\" alt=\"\" class=\"wp-image-2667\" width=\"200\" height=\"266\"\/><\/figure><\/div>\n\n\n\n<p class=\"has-text-color\" style=\"font-size:21px;color:#5a7c47\"><em>P.S. Wenn wir uns auch wiederholen, so w\u00fcrden wir uns trotzdem sehr freuen, wenn Sie immer mal wieder auf unsere Homepage schauen <\/em><br><em><strong>www.bfsaiterhofen.de<\/strong><\/em><\/p>\n\n\n\n<p><\/p>\n","protected":false},"excerpt":{"rendered":"<p>Jeder Tag ist Weihnachten auf der Erde,jedes Mal, wenn einer dem anderen seine Liebe schenkt,wenn Herzen Gl\u00fcck empfinden, ist Weihnachten,dann steigt Gott wieder vom Himmelherab und bringt das Licht Mutter Teresa Liebe Ehemalige, dieses turbulente und besondere Jahr z\u00e4hlt noch <a class=\"more-link\" href=\"http:\/\/www.kloster-aiterhofen.de\/Wordpress\/wordpress\/jubilaeumsfotos-oktober-2015-30-jahre\/ehemalige-2\/weihnachtsgruss\/\">weiterlesen  <span class=\"screen-reader-text\">  WEIHNACHTEN 2020<\/span><span class=\"meta-nav\">&rarr;<\/span><\/a><\/p>\n","protected":false},"author":1,"featured_media":0,"parent":2674,"menu_order":0,"comment_status":"closed","ping_status":"closed","template":"","meta":{"footnotes":""},"_links":{"self":[{"href":"http:\/\/www.kloster-aiterhofen.de\/Wordpress\/wordpress\/wp-json\/wp\/v2\/pages\/210"}],"collection":[{"href":"http:\/\/www.kloster-aiterhofen.de\/Wordpress\/wordpress\/wp-json\/wp\/v2\/pages"}],"about":[{"href":"http:\/\/www.kloster-aiterhofen.de\/Wordpress\/wordpress\/wp-json\/wp\/v2\/types\/page"}],"author":[{"embeddable":true,"href":"http:\/\/www.kloster-aiterhofen.de\/Wordpress\/wordpress\/wp-json\/wp\/v2\/users\/1"}],"replies":[{"embeddable":true,"href":"http:\/\/www.kloster-aiterhofen.de\/Wordpress\/wordpress\/wp-json\/wp\/v2\/comments?post=210"}],"version-history":[{"count":16,"href":"http:\/\/www.kloster-aiterhofen.de\/Wordpress\/wordpress\/wp-json\/wp\/v2\/pages\/210\/revisions"}],"predecessor-version":[{"id":2673,"href":"http:\/\/www.kloster-aiterhofen.de\/Wordpress\/wordpress\/wp-json\/wp\/v2\/pages\/210\/revisions\/2673"}],"up":[{"embeddable":true,"href":"http:\/\/www.kloster-aiterhofen.de\/Wordpress\/wordpress\/wp-json\/wp\/v2\/pages\/2674"}],"wp:attachment":[{"href":"http:\/\/www.kloster-aiterhofen.de\/Wordpress\/wordpress\/wp-json\/wp\/v2\/media?parent=210"}],"curies":[{"name":"wp","href":"https:\/\/api.w.org\/{rel}","templated":true}]}}