{"id":60,"date":"2015-11-17T13:57:51","date_gmt":"2015-11-17T12:57:51","guid":{"rendered":"http:\/\/www.kloster-aiterhofen.de\/Wordpress\/k_wordpress\/?page_id=60"},"modified":"2016-05-17T16:56:10","modified_gmt":"2016-05-17T14:56:10","slug":"weg-ins-kloster","status":"publish","type":"page","link":"http:\/\/www.kloster-aiterhofen.de\/Wordpress\/k_wordpress\/weg-ins-kloster\/","title":{"rendered":"Weg ins Kloster"},"content":{"rendered":"<p>Das Leben in einer Ordensgemeinschaft hat wenig zu tun mit filmischen Publikationen, wie &#8222;Geschichte einer Nonne&#8220; oder der Fernsehserie &#8222;Um Himmels Willen&#8220;. Die Berufung kommt von Gott und soll in einem l\u00e4ngeren Vorbereitungsprozess gekl\u00e4rt und beantwortet werden. Konkrete Schritte sind in unserer Gemeinschaft folgende:<\/p>\n<p><strong>Kandidatin<\/strong><\/p>\n<p>Wer sich f\u00fcr ein Leben im unserem Orden interessiert, kann im Kloster mitleben, an Gebetszeiten teilnehmen und sich in Arbeitsbereichen einzubringen bzw. den erlernten Beruf auszu\u00fcben. Die Zeit dient dem gegenseitigen Kennenlernen und der Pr\u00fcfung, ob dieses Leben eine sinnvolle Antwort auf die Berufung ist.<\/p>\n<p><strong>Postulat<\/strong><\/p>\n<p>Das meist einj\u00e4hrige Postulat dient dem n\u00e4heren Kennenlernen der Gemeinschaft, der verschiedenen Bereiche im Kloster. Auch soll das geistliche Leben einge\u00fcbt werden. Wichtig ist es auch, die Gemeinschaft der Schwestern n\u00e4her kennenzulernen und sich in verschiedenen Situationen zu erproben.<\/p>\n<p><strong>Noviziat<\/strong><\/p>\n<p>Noviziat versteht sich als engere Probezeit und dauert in der Regel 2 Jahre. Die Ordensregel und das Leben als Schwester wird einge\u00fcbt. Eine erfahrene Schwester steht als Formationsleiterin der Novizin zur Seite. Alle anderen Schwestern sind bereit, das beginnende Ordensleben zu begleiten.<\/p>\n<p><strong>Profess einfach &#8211; ewige Profess<\/strong><\/p>\n<p>Im Versprechen der Profess verspricht die Novizin, sich an die Konstitutionen der Kongregation zu halten, die Gel\u00fcbde zu leben und Gott dem Herrn durch ein Leben im Orden zu dienen. Nach 3 Jahren wird die Profess entweder noch einmal 2 Jahre verl\u00e4ngert oder auf Lebenszeit abgelegt. Geistliche Begleitung und Begleitung durch erfahrene Mitschwestern sind Angebote zur besseren Ein\u00fcbung.<\/p>\n","protected":false},"excerpt":{"rendered":"<p>Das Leben in einer Ordensgemeinschaft hat wenig zu tun mit filmischen Publikationen, wie &#8222;Geschichte einer Nonne&#8220; oder der Fernsehserie &#8222;Um Himmels Willen&#8220;. Die Berufung kommt von Gott und soll in einem l\u00e4ngeren Vorbereitungsprozess gekl\u00e4rt und beantwortet werden. Konkrete Schritte sind in unserer Gemeinschaft folgende: Kandidatin Wer sich f\u00fcr ein Leben im unserem Orden interessiert, kann &hellip; <\/p>\n<p class=\"link-more\"><a href=\"http:\/\/www.kloster-aiterhofen.de\/Wordpress\/k_wordpress\/weg-ins-kloster\/\" class=\"more-link\"><span class=\"screen-reader-text\">\u201eWeg ins Kloster\u201c<\/span> weiterlesen<\/a><\/p>\n","protected":false},"author":1,"featured_media":0,"parent":0,"menu_order":0,"comment_status":"closed","ping_status":"closed","template":"","meta":{"footnotes":""},"class_list":["post-60","page","type-page","status-publish","hentry"],"_links":{"self":[{"href":"http:\/\/www.kloster-aiterhofen.de\/Wordpress\/k_wordpress\/wp-json\/wp\/v2\/pages\/60","targetHints":{"allow":["GET"]}}],"collection":[{"href":"http:\/\/www.kloster-aiterhofen.de\/Wordpress\/k_wordpress\/wp-json\/wp\/v2\/pages"}],"about":[{"href":"http:\/\/www.kloster-aiterhofen.de\/Wordpress\/k_wordpress\/wp-json\/wp\/v2\/types\/page"}],"author":[{"embeddable":true,"href":"http:\/\/www.kloster-aiterhofen.de\/Wordpress\/k_wordpress\/wp-json\/wp\/v2\/users\/1"}],"replies":[{"embeddable":true,"href":"http:\/\/www.kloster-aiterhofen.de\/Wordpress\/k_wordpress\/wp-json\/wp\/v2\/comments?post=60"}],"version-history":[{"count":3,"href":"http:\/\/www.kloster-aiterhofen.de\/Wordpress\/k_wordpress\/wp-json\/wp\/v2\/pages\/60\/revisions"}],"predecessor-version":[{"id":218,"href":"http:\/\/www.kloster-aiterhofen.de\/Wordpress\/k_wordpress\/wp-json\/wp\/v2\/pages\/60\/revisions\/218"}],"wp:attachment":[{"href":"http:\/\/www.kloster-aiterhofen.de\/Wordpress\/k_wordpress\/wp-json\/wp\/v2\/media?parent=60"}],"curies":[{"name":"wp","href":"https:\/\/api.w.org\/{rel}","templated":true}]}}