{"id":329,"date":"2016-11-08T16:06:41","date_gmt":"2016-11-08T15:06:41","guid":{"rendered":"http:\/\/www.kloster-aiterhofen.de\/Wordpress\/k_wordpress\/?page_id=329"},"modified":"2022-04-27T11:13:36","modified_gmt":"2022-04-27T09:13:36","slug":"herzlich-willkommen","status":"publish","type":"page","link":"http:\/\/www.kloster-aiterhofen.de\/Wordpress\/k_wordpress\/herzlich-willkommen\/","title":{"rendered":"Herzlich willkommen"},"content":{"rendered":"<p style=\"text-align: justify;\"><img loading=\"lazy\" decoding=\"async\" class=\"wp-image-891 alignleft\" src=\"http:\/\/www.kloster-aiterhofen.de\/Wordpress\/k_wordpress\/wp-content\/uploads\/a_franz.png\" alt=\"\" width=\"149\" height=\"245\" \/>Wir Franziskanerinnen freuen uns, Sie auf unserer Seite begr\u00fc\u00dfen zu d\u00fcrfen.<br \/>\nUnser Name leitet sich ab von Franz von Assisi, einem Heiligen, der im 12. Jahrhundert in Assisi gelebt hat. Sein Name steht f\u00fcr Einfachheit, Treue zum Evangelium und Sorge f\u00fcr die Armen und an den Rand gedr\u00e4ngten Menschen. Die meisten unserer Schwestern in Deutschland leben in Aiterhofen, einem Ort inmitten des G\u00e4ubodens in der N\u00e4he von Straubing\/Niederbayern. Weitere Schwestern sind in der Provinz St. Clara in Brasilien und Bolivien.<\/p>\n","protected":false},"excerpt":{"rendered":"<p>Wir Franziskanerinnen freuen uns, Sie auf unserer Seite begr\u00fc\u00dfen zu d\u00fcrfen. Unser Name leitet sich ab von Franz von Assisi, einem Heiligen, der im 12. Jahrhundert in Assisi gelebt hat. Sein Name steht f\u00fcr Einfachheit, Treue zum Evangelium und Sorge f\u00fcr die Armen und an den Rand gedr\u00e4ngten Menschen. Die meisten unserer Schwestern in Deutschland &hellip; <\/p>\n<p class=\"link-more\"><a href=\"http:\/\/www.kloster-aiterhofen.de\/Wordpress\/k_wordpress\/herzlich-willkommen\/\" class=\"more-link\"><span class=\"screen-reader-text\">\u201eHerzlich willkommen\u201c<\/span> weiterlesen<\/a><\/p>\n","protected":false},"author":1,"featured_media":0,"parent":0,"menu_order":0,"comment_status":"closed","ping_status":"closed","template":"","meta":{"footnotes":""},"class_list":["post-329","page","type-page","status-publish","hentry"],"_links":{"self":[{"href":"http:\/\/www.kloster-aiterhofen.de\/Wordpress\/k_wordpress\/wp-json\/wp\/v2\/pages\/329","targetHints":{"allow":["GET"]}}],"collection":[{"href":"http:\/\/www.kloster-aiterhofen.de\/Wordpress\/k_wordpress\/wp-json\/wp\/v2\/pages"}],"about":[{"href":"http:\/\/www.kloster-aiterhofen.de\/Wordpress\/k_wordpress\/wp-json\/wp\/v2\/types\/page"}],"author":[{"embeddable":true,"href":"http:\/\/www.kloster-aiterhofen.de\/Wordpress\/k_wordpress\/wp-json\/wp\/v2\/users\/1"}],"replies":[{"embeddable":true,"href":"http:\/\/www.kloster-aiterhofen.de\/Wordpress\/k_wordpress\/wp-json\/wp\/v2\/comments?post=329"}],"version-history":[{"count":4,"href":"http:\/\/www.kloster-aiterhofen.de\/Wordpress\/k_wordpress\/wp-json\/wp\/v2\/pages\/329\/revisions"}],"predecessor-version":[{"id":1156,"href":"http:\/\/www.kloster-aiterhofen.de\/Wordpress\/k_wordpress\/wp-json\/wp\/v2\/pages\/329\/revisions\/1156"}],"wp:attachment":[{"href":"http:\/\/www.kloster-aiterhofen.de\/Wordpress\/k_wordpress\/wp-json\/wp\/v2\/media?parent=329"}],"curies":[{"name":"wp","href":"https:\/\/api.w.org\/{rel}","templated":true}]}}