{"id":23,"date":"2015-11-16T17:59:19","date_gmt":"2015-11-16T16:59:19","guid":{"rendered":"http:\/\/www.kloster-aiterhofen.de\/Wordpress\/k_wordpress\/?page_id=23"},"modified":"2023-07-16T10:32:03","modified_gmt":"2023-07-16T08:32:03","slug":"schulen","status":"publish","type":"page","link":"http:\/\/www.kloster-aiterhofen.de\/Wordpress\/k_wordpress\/schulen\/","title":{"rendered":"Unsere Schulen"},"content":{"rendered":"<h4 style=\"text-align: left;\"><strong>Wir Franziskanerinnen sind Tr\u00e4ger von 2 verschiedenen Schulen.<\/strong><br \/>\nAngela-Fraundorfer-Realschule\u00a0 \u00a0 \u00a0 \u00a0 \u00a0 \u00a0 \u00a0 \u00a0 \u00a0 \u00a0 \u00a0 \u00a0 \u00a0 \u00a0 \u00a0 \u00a0 \u00a0 \u00a0 \u00a0 \u00a0 \u00a0 BFS f\u00fcr Pflege u. Altenpflegehilfe.<br \/>\nf\u00fcr M\u00e4dchen und Jungen<\/h4>\n<figure id=\"attachment_25\" aria-describedby=\"caption-attachment-25\" style=\"width: 150px\" class=\"wp-caption alignleft\"><a href=\"http:\/\/www.angela-fraundorfer-realschule.eu\" target=\"_blank\" rel=\"noopener noreferrer\"><img loading=\"lazy\" decoding=\"async\" class=\"wp-image-25 size-thumbnail\" src=\"http:\/\/www.kloster-aiterhofen.de\/Wordpress\/k_wordpress\/wp-content\/uploads\/2015\/11\/schule1-150x150.jpg\" alt=\"Angela-Fraundorfer-Realschule\" width=\"150\" height=\"150\" \/><\/a><figcaption id=\"caption-attachment-25\" class=\"wp-caption-text\">Angela-Fraundorfer-Realschule<\/figcaption><\/figure>\n<figure id=\"attachment_26\" aria-describedby=\"caption-attachment-26\" style=\"width: 150px\" class=\"wp-caption alignright\"><a href=\"http:\/\/www.bfsaiterhofen.de\" target=\"_blank\" rel=\"noopener noreferrer\"><img loading=\"lazy\" decoding=\"async\" class=\"wp-image-26 size-thumbnail\" src=\"http:\/\/www.kloster-aiterhofen.de\/Wordpress\/k_wordpress\/wp-content\/uploads\/2015\/11\/P1090041-150x150.jpg\" alt=\"P1090041\" width=\"150\" height=\"150\" \/><\/a><figcaption id=\"caption-attachment-26\" class=\"wp-caption-text\">BFS Altenpflege\/hilfe\u00a0\u00a0 Franziskusfest<\/figcaption><\/figure>\n<p>Beim Klick auf das Bild<br \/>\nkommen Sie zur Seite der jeweiligen Schule.<\/p>\n<p><a href=\"http:\/\/angela-fraundorfer.tipp10.com\/de\/\"><img loading=\"lazy\" decoding=\"async\" class=\"wp-image-446 aligncenter\" src=\"http:\/\/www.kloster-aiterhofen.de\/Wordpress\/k_wordpress\/wp-content\/uploads\/TomThielickeITSolutionsTIPP10-480209-150x150.png\" alt=\"tomthielickeitsolutionstipp10-480209\" width=\"195\" height=\"195\" \/><\/a><\/p>\n","protected":false},"excerpt":{"rendered":"<p>Wir Franziskanerinnen sind Tr\u00e4ger von 2 verschiedenen Schulen. Angela-Fraundorfer-Realschule\u00a0 \u00a0 \u00a0 \u00a0 \u00a0 \u00a0 \u00a0 \u00a0 \u00a0 \u00a0 \u00a0 \u00a0 \u00a0 \u00a0 \u00a0 \u00a0 \u00a0 \u00a0 \u00a0 \u00a0 \u00a0 BFS f\u00fcr Pflege u. Altenpflegehilfe. f\u00fcr M\u00e4dchen und Jungen Beim Klick auf das Bild kommen Sie zur Seite der jeweiligen Schule.<\/p>\n","protected":false},"author":1,"featured_media":0,"parent":0,"menu_order":0,"comment_status":"closed","ping_status":"closed","template":"","meta":{"footnotes":""},"class_list":["post-23","page","type-page","status-publish","hentry"],"_links":{"self":[{"href":"http:\/\/www.kloster-aiterhofen.de\/Wordpress\/k_wordpress\/wp-json\/wp\/v2\/pages\/23","targetHints":{"allow":["GET"]}}],"collection":[{"href":"http:\/\/www.kloster-aiterhofen.de\/Wordpress\/k_wordpress\/wp-json\/wp\/v2\/pages"}],"about":[{"href":"http:\/\/www.kloster-aiterhofen.de\/Wordpress\/k_wordpress\/wp-json\/wp\/v2\/types\/page"}],"author":[{"embeddable":true,"href":"http:\/\/www.kloster-aiterhofen.de\/Wordpress\/k_wordpress\/wp-json\/wp\/v2\/users\/1"}],"replies":[{"embeddable":true,"href":"http:\/\/www.kloster-aiterhofen.de\/Wordpress\/k_wordpress\/wp-json\/wp\/v2\/comments?post=23"}],"version-history":[{"count":18,"href":"http:\/\/www.kloster-aiterhofen.de\/Wordpress\/k_wordpress\/wp-json\/wp\/v2\/pages\/23\/revisions"}],"predecessor-version":[{"id":1396,"href":"http:\/\/www.kloster-aiterhofen.de\/Wordpress\/k_wordpress\/wp-json\/wp\/v2\/pages\/23\/revisions\/1396"}],"wp:attachment":[{"href":"http:\/\/www.kloster-aiterhofen.de\/Wordpress\/k_wordpress\/wp-json\/wp\/v2\/media?parent=23"}],"curies":[{"name":"wp","href":"https:\/\/api.w.org\/{rel}","templated":true}]}}