{"id":17,"date":"2015-11-16T17:44:03","date_gmt":"2015-11-16T16:44:03","guid":{"rendered":"http:\/\/www.kloster-aiterhofen.de\/Wordpress\/k_wordpress\/?page_id=17"},"modified":"2023-07-16T10:22:35","modified_gmt":"2023-07-16T08:22:35","slug":"franziskanisches-jugendhaus","status":"publish","type":"page","link":"http:\/\/www.kloster-aiterhofen.de\/Wordpress\/k_wordpress\/franziskanisches-jugendhaus\/","title":{"rendered":"Informationen zum ehem. Jugendhaus"},"content":{"rendered":"<p><span style=\"font-family: Arial,Helvetica,sans-serif; font-size: small;\"><br \/>\n<\/span>Erbaut wurde das Haus 1966 und zun\u00e4chst ausschlie\u00dflich als Internat genutzt. Inzwischen ist der gr\u00f6\u00dfte Teil vermietet an den MHD. In einzelnen R\u00e4umen sind noch Klassenzimmer und Fachgruppenr\u00e4ume der Realschule als Unterrichtsr\u00e4ume.<\/p>\n<div id='gallery-1' class='gallery galleryid-17 gallery-columns-3 gallery-size-thumbnail'><figure class='gallery-item'>\n\t\t\t<div class='gallery-icon landscape'>\n\t\t\t\t<a href='http:\/\/www.kloster-aiterhofen.de\/Wordpress\/k_wordpress\/franziskanisches-jugendhaus\/p1320026-2\/'><img loading=\"lazy\" decoding=\"async\" width=\"150\" height=\"113\" src=\"http:\/\/www.kloster-aiterhofen.de\/Wordpress\/k_wordpress\/wp-content\/uploads\/P1320026-e1475152742955.jpg\" class=\"attachment-thumbnail size-thumbnail\" alt=\"\" sizes=\"auto, 100vw\" \/><\/a>\n\t\t\t<\/div><\/figure><figure class='gallery-item'>\n\t\t\t<div class='gallery-icon landscape'>\n\t\t\t\t<a href='http:\/\/www.kloster-aiterhofen.de\/Wordpress\/k_wordpress\/01_7\/'><img loading=\"lazy\" decoding=\"async\" width=\"150\" height=\"150\" src=\"http:\/\/www.kloster-aiterhofen.de\/Wordpress\/k_wordpress\/wp-content\/uploads\/01_7.jpg\" class=\"attachment-thumbnail size-thumbnail\" alt=\"\" sizes=\"auto, 100vw\" \/><\/a>\n\t\t\t<\/div><\/figure><figure class='gallery-item'>\n\t\t\t<div class='gallery-icon landscape'>\n\t\t\t\t<a href='http:\/\/www.kloster-aiterhofen.de\/Wordpress\/k_wordpress\/01_8\/'><img loading=\"lazy\" decoding=\"async\" width=\"150\" height=\"150\" src=\"http:\/\/www.kloster-aiterhofen.de\/Wordpress\/k_wordpress\/wp-content\/uploads\/01_8.jpg\" class=\"attachment-thumbnail size-thumbnail\" alt=\"\" sizes=\"auto, 100vw\" \/><\/a>\n\t\t\t<\/div><\/figure><figure class='gallery-item'>\n\t\t\t<div class='gallery-icon landscape'>\n\t\t\t\t<a href='http:\/\/www.kloster-aiterhofen.de\/Wordpress\/k_wordpress\/01_4\/'><img loading=\"lazy\" decoding=\"async\" width=\"150\" height=\"150\" src=\"http:\/\/www.kloster-aiterhofen.de\/Wordpress\/k_wordpress\/wp-content\/uploads\/01_4.jpg\" class=\"attachment-thumbnail size-thumbnail\" alt=\"\" sizes=\"auto, 100vw\" \/><\/a>\n\t\t\t<\/div><\/figure>\n\t\t<\/div>\n\n","protected":false},"excerpt":{"rendered":"<p>Erbaut wurde das Haus 1966 und zun\u00e4chst ausschlie\u00dflich als Internat genutzt. Inzwischen ist der gr\u00f6\u00dfte Teil vermietet an den MHD. In einzelnen R\u00e4umen sind noch Klassenzimmer und Fachgruppenr\u00e4ume der Realschule als Unterrichtsr\u00e4ume.<\/p>\n","protected":false},"author":1,"featured_media":0,"parent":0,"menu_order":0,"comment_status":"closed","ping_status":"closed","template":"","meta":{"footnotes":""},"class_list":["post-17","page","type-page","status-publish","hentry"],"_links":{"self":[{"href":"http:\/\/www.kloster-aiterhofen.de\/Wordpress\/k_wordpress\/wp-json\/wp\/v2\/pages\/17","targetHints":{"allow":["GET"]}}],"collection":[{"href":"http:\/\/www.kloster-aiterhofen.de\/Wordpress\/k_wordpress\/wp-json\/wp\/v2\/pages"}],"about":[{"href":"http:\/\/www.kloster-aiterhofen.de\/Wordpress\/k_wordpress\/wp-json\/wp\/v2\/types\/page"}],"author":[{"embeddable":true,"href":"http:\/\/www.kloster-aiterhofen.de\/Wordpress\/k_wordpress\/wp-json\/wp\/v2\/users\/1"}],"replies":[{"embeddable":true,"href":"http:\/\/www.kloster-aiterhofen.de\/Wordpress\/k_wordpress\/wp-json\/wp\/v2\/comments?post=17"}],"version-history":[{"count":23,"href":"http:\/\/www.kloster-aiterhofen.de\/Wordpress\/k_wordpress\/wp-json\/wp\/v2\/pages\/17\/revisions"}],"predecessor-version":[{"id":1390,"href":"http:\/\/www.kloster-aiterhofen.de\/Wordpress\/k_wordpress\/wp-json\/wp\/v2\/pages\/17\/revisions\/1390"}],"wp:attachment":[{"href":"http:\/\/www.kloster-aiterhofen.de\/Wordpress\/k_wordpress\/wp-json\/wp\/v2\/media?parent=17"}],"curies":[{"name":"wp","href":"https:\/\/api.w.org\/{rel}","templated":true}]}}

<p><span style="font-family: Arial,Helvetica,sans-serif; font-size: small;"><br />
</span>Erbaut wurde das Haus 1966 und zunächst ausschließlich als Internat genutzt. Inzwischen ist der größte Teil vermietet an den MHD. In einzelnen Räumen sind noch Klassenzimmer und Fachgruppenräume der Realschule als Unterrichtsräume.</p>
<div id='gallery-1' class='gallery galleryid-17 gallery-columns-3 gallery-size-thumbnail'><figure class='gallery-item'>
			<div class='gallery-icon landscape'>
				<a href='http://www.kloster-aiterhofen.de/Wordpress/k_wordpress/franziskanisches-jugendhaus/p1320026-2/'><img loading="lazy" decoding="async" width="150" height="113" src="http://www.kloster-aiterhofen.de/Wordpress/k_wordpress/wp-content/uploads/P1320026-e1475152742955.jpg" class="attachment-thumbnail size-thumbnail" alt="" sizes="auto, 100vw" /></a>
			</div></figure><figure class='gallery-item'>
			<div class='gallery-icon landscape'>
				<a href='http://www.kloster-aiterhofen.de/Wordpress/k_wordpress/01_7/'><img loading="lazy" decoding="async" width="150" height="150" src="http://www.kloster-aiterhofen.de/Wordpress/k_wordpress/wp-content/uploads/01_7.jpg" class="attachment-thumbnail size-thumbnail" alt="" sizes="auto, 100vw" /></a>
			</div></figure><figure class='gallery-item'>
			<div class='gallery-icon landscape'>
				<a href='http://www.kloster-aiterhofen.de/Wordpress/k_wordpress/01_8/'><img loading="lazy" decoding="async" width="150" height="150" src="http://www.kloster-aiterhofen.de/Wordpress/k_wordpress/wp-content/uploads/01_8.jpg" class="attachment-thumbnail size-thumbnail" alt="" sizes="auto, 100vw" /></a>
			</div></figure><figure class='gallery-item'>
			<div class='gallery-icon landscape'>
				<a href='http://www.kloster-aiterhofen.de/Wordpress/k_wordpress/01_4/'><img loading="lazy" decoding="async" width="150" height="150" src="http://www.kloster-aiterhofen.de/Wordpress/k_wordpress/wp-content/uploads/01_4.jpg" class="attachment-thumbnail size-thumbnail" alt="" sizes="auto, 100vw" /></a>
			</div></figure>
		</div>

<p>Erbaut wurde das Haus 1966 und zunächst ausschließlich als Internat genutzt. Inzwischen ist der größte Teil vermietet an den MHD. In einzelnen Räumen sind noch Klassenzimmer und Fachgruppenräume der Realschule als Unterrichtsräume.</p>
